{"id":2,"date":"2016-05-10T03:48:21","date_gmt":"2016-05-10T06:48:21","guid":{"rendered":"http:\/\/wp452m.a10-52-158-154.qa.plesk.ru\/wordpress\/?page_id=2"},"modified":"2020-09-08T09:28:21","modified_gmt":"2020-09-08T12:28:21","slug":"sobre-nos","status":"publish","type":"page","link":"http:\/\/assesscomex.com.br\/site\/sobre-nos\/","title":{"rendered":"Sobre N\u00f3s"},"content":{"rendered":"<p><img loading=\"lazy\" class=\"alignleft size-medium wp-image-32\" src=\"http:\/\/assesscomex.com.br\/site\/wp-content\/uploads\/2017\/12\/Sobre-n\u00f3s-500x226.jpg\" alt=\"\" width=\"500\" height=\"226\" srcset=\"http:\/\/assesscomex.com.br\/site\/wp-content\/uploads\/2017\/12\/Sobre-n\u00f3s-500x226.jpg 500w, http:\/\/assesscomex.com.br\/site\/wp-content\/uploads\/2017\/12\/Sobre-n\u00f3s-768x347.jpg 768w, http:\/\/assesscomex.com.br\/site\/wp-content\/uploads\/2017\/12\/Sobre-n\u00f3s.jpg 1000w\" sizes=\"(max-width: 500px) 100vw, 500px\" \/>Fundada em 1996, a Assess Brasil Servi\u00e7os \u00e9 uma empresa especializada no ramo de com\u00e9rcio exterior, com a sua sede localizada na cidade de Indaiatuba-SP, prezando sempre pelo servi\u00e7o \u00e1gil com seguran\u00e7a e qualidade.<\/p>\n<p>Conta com uma equipe qualificada, com o know-how constru\u00eddo por v\u00e1rios anos na \u00e1rea de COMEX, Log\u00edstica e tr\u00e2mites e procedimentos internacionais. Somos especializados em solu\u00e7\u00f5es pr\u00e1ticas e inteligentes, atendimento personalizado que resulta na redu\u00e7\u00e3o de custos para o cliente.<\/p>\n<p>A continuidade das opera\u00e7\u00f5es com os nossos clientes tamb\u00e9m nos possibilita entender suas necessidades imediatas, bem como seus objetivos e metas de longo prazo.<\/p>\n","protected":false},"excerpt":{"rendered":"<p>Fundada em 1996, a Assess Brasil Servi\u00e7os \u00e9 uma empresa especializada no ramo de com\u00e9rcio exterior, com a sua sede localizada na cidade de Indaiatuba-SP, prezando sempre pelo servi\u00e7o \u00e1gil com seguran\u00e7a e qualidade. Conta com uma equipe qualificada, com o know-how constru\u00eddo por v\u00e1rios anos na \u00e1rea de COMEX, Log\u00edstica e tr\u00e2mites e procedimentos [&hellip;]<\/p>\n","protected":false},"author":1,"featured_media":0,"parent":0,"menu_order":0,"comment_status":"closed","ping_status":"closed","template":"","meta":{"ngg_post_thumbnail":0},"_links":{"self":[{"href":"http:\/\/assesscomex.com.br\/site\/wp-json\/wp\/v2\/pages\/2"}],"collection":[{"href":"http:\/\/assesscomex.com.br\/site\/wp-json\/wp\/v2\/pages"}],"about":[{"href":"http:\/\/assesscomex.com.br\/site\/wp-json\/wp\/v2\/types\/page"}],"author":[{"embeddable":true,"href":"http:\/\/assesscomex.com.br\/site\/wp-json\/wp\/v2\/users\/1"}],"replies":[{"embeddable":true,"href":"http:\/\/assesscomex.com.br\/site\/wp-json\/wp\/v2\/comments?post=2"}],"version-history":[{"count":7,"href":"http:\/\/assesscomex.com.br\/site\/wp-json\/wp\/v2\/pages\/2\/revisions"}],"predecessor-version":[{"id":45,"href":"http:\/\/assesscomex.com.br\/site\/wp-json\/wp\/v2\/pages\/2\/revisions\/45"}],"wp:attachment":[{"href":"http:\/\/assesscomex.com.br\/site\/wp-json\/wp\/v2\/media?parent=2"}],"curies":[{"name":"wp","href":"https:\/\/api.w.org\/{rel}","templated":true}]}}